{"id":152,"date":"2021-11-21T14:44:16","date_gmt":"2021-11-21T14:44:16","guid":{"rendered":"http:\/\/kamilamalkova-terapie.cz\/?page_id=152"},"modified":"2022-08-16T20:26:35","modified_gmt":"2022-08-16T20:26:35","slug":"malkova-terapie-mlada-boleslav","status":"publish","type":"page","link":"https:\/\/kamilamalkova-terapie.cz\/","title":{"rendered":"\u00davod"},"content":{"rendered":"<h2><em>Terapie m\u016f\u017ee b\u00fdt Va\u0161\u00ed bezpe\u010dnou cestou,<\/em><\/h2>\n\n\n<div class=\"wp-block-columns are-vertically-aligned-center is-layout-flex wp-container-core-columns-is-layout-28f84493 wp-block-columns-is-layout-flex\">\n<div class=\"wp-block-column is-vertically-aligned-center is-layout-flow wp-block-column-is-layout-flow\">\n<h5><em>jak zvl\u00e1dnout obt\u00ed\u017en\u00e9 \u017eivotn\u00ed situace, aby negativn\u011b nezasahovaly do budoucnosti.<\/em><\/h5>\n<hr>\n<h5><em>jak \u017e\u00edt v\u011bdom\u00fd a svobodn\u00fd \u017eivot.<\/em><\/h5>\n<hr>\n<h5><em>jak b\u00fdt k sob\u011b laskav\u00fd.<\/em><\/h5>\n<hr>\n<h5><em>jak p\u0159ijmout n\u011bkter\u00e9 v\u011bci, i kdy\u017e je to velmi t\u011b\u017ek\u00e9.<\/em><\/h5>\n<hr>\n<h6>&nbsp;<\/h6>\n<\/div>\n\n\n\n<div class=\"wp-block-column is-vertically-aligned-center is-layout-flow wp-block-column-is-layout-flow\">\n<h5><em>jak se vypo\u0159\u00e1dat s minulost\u00ed, abyste si mohli u\u017e\u00edvat p\u0159\u00edtomnost.<\/em><\/h5>\n<hr>\n<h5><em>jak b\u00fdt v \u017eivot\u011b spokojen\u00fd.<\/em><\/h5>\n<hr>\n<h5><em>jak naj\u00edt s\u00e1m sebe a \u010dasto i smysl \u017eivota.<\/em><\/h5>\n<hr>\n<h5><em>jak pracovat na sv\u00e9m seberozvoji.<\/em><\/h5>\n<hr>\n<h6>&nbsp;<\/h6>\n<\/div>\n<\/div>\n\n\n\n<figure class=\"wp-block-image aligncenter size-large\"><a href=\"https:\/\/kamilamalkova-terapie.cz\/wp-content\/uploads\/2021\/12\/20211226_080302734_iOS-scaled-e1640543206670.jpg\" target=\"_blank\" rel=\"noopener\"><img decoding=\"async\" src=\"https:\/\/kamilamalkova-terapie.cz\/wp-content\/uploads\/2021\/12\/20211226_080302734_iOS-scaled-e1640543206670-1024x304.jpg\" alt=\"Kamila M\u00e1lkov\u00e1 - Terapie Mlad\u00e1 Boleslav\"\/><\/a><\/figure>\n","protected":false},"excerpt":{"rendered":"<p>Terapie m\u016f\u017ee b\u00fdt Va\u0161\u00ed bezpe\u010dnou cestou, jak zvl\u00e1dnout obt\u00ed\u017en\u00e9 \u017eivotn\u00ed situace, aby negativn\u011b nezasahovaly do budoucnosti. jak \u017e\u00edt v\u011bdom\u00fd a svobodn\u00fd \u017eivot. jak b\u00fdt k sob\u011b laskav\u00fd. jak p\u0159ijmout n\u011bkter\u00e9 v\u011bci, i kdy\u017e je to velmi t\u011b\u017ek\u00e9. &nbsp; jak se vypo\u0159\u00e1dat s minulost\u00ed, abyste si mohli u\u017e\u00edvat p\u0159\u00edtomnost. jak b\u00fdt v \u017eivot\u011b spokojen\u00fd. jak naj\u00edt [&hellip;]<\/p>\n","protected":false},"author":1,"featured_media":0,"parent":0,"menu_order":0,"comment_status":"closed","ping_status":"closed","template":"","meta":{"_uag_custom_page_level_css":"","site-sidebar-layout":"no-sidebar","site-content-layout":"boxed-container","ast-site-content-layout":"default","site-content-style":"default","site-sidebar-style":"default","ast-global-header-display":"","ast-banner-title-visibility":"","ast-main-header-display":"","ast-hfb-above-header-display":"","ast-hfb-below-header-display":"","ast-hfb-mobile-header-display":"","site-post-title":"","ast-breadcrumbs-content":"","ast-featured-img":"","footer-sml-layout":"","ast-disable-related-posts":"","theme-transparent-header-meta":"default","adv-header-id-meta":"","stick-header-meta":"","header-above-stick-meta":"","header-main-stick-meta":"","header-below-stick-meta":"","astra-migrate-meta-layouts":"default","ast-page-background-enabled":"default","ast-page-background-meta":{"desktop":{"background-color":"var(--ast-global-color-4)","background-image":"","background-repeat":"repeat","background-position":"center center","background-size":"auto","background-attachment":"scroll","background-type":"","background-media":"","overlay-type":"","overlay-color":"","overlay-opacity":"","overlay-gradient":""},"tablet":{"background-color":"","background-image":"","background-repeat":"repeat","background-position":"center center","background-size":"auto","background-attachment":"scroll","background-type":"","background-media":"","overlay-type":"","overlay-color":"","overlay-opacity":"","overlay-gradient":""},"mobile":{"background-color":"","background-image":"","background-repeat":"repeat","background-position":"center center","background-size":"auto","background-attachment":"scroll","background-type":"","background-media":"","overlay-type":"","overlay-color":"","overlay-opacity":"","overlay-gradient":""}},"ast-content-background-meta":{"desktop":{"background-color":"var(--ast-global-color-5)","background-image":"","background-repeat":"repeat","background-position":"center center","background-size":"auto","background-attachment":"scroll","background-type":"","background-media":"","overlay-type":"","overlay-color":"","overlay-opacity":"","overlay-gradient":""},"tablet":{"background-color":"var(--ast-global-color-5)","background-image":"","background-repeat":"repeat","background-position":"center center","background-size":"auto","background-attachment":"scroll","background-type":"","background-media":"","overlay-type":"","overlay-color":"","overlay-opacity":"","overlay-gradient":""},"mobile":{"background-color":"var(--ast-global-color-5)","background-image":"","background-repeat":"repeat","background-position":"center center","background-size":"auto","background-attachment":"scroll","background-type":"","background-media":"","overlay-type":"","overlay-color":"","overlay-opacity":"","overlay-gradient":""}},"footnotes":""},"class_list":["post-152","page","type-page","status-publish","hentry"],"yoast_head":"<!-- This site is optimized with the Yoast SEO plugin v27.4 - https:\/\/yoast.com\/product\/yoast-seo-wordpress\/ -->\n<title>M\u00e1lkov\u00e1 - Terapie Mlad\u00e1 Boleslav<\/title>\n<meta name=\"description\" content=\"Terapie m\u016f\u017ee b\u00fdt Va\u0161\u00ed bezpe\u010dnou cestou, jak zvl\u00e1dnout obt\u00ed\u017en\u00e9 \u017eivotn\u00ed situace, aby negativn\u011b nezasahovali do budoucnosti.\" \/>\n<meta name=\"robots\" content=\"index, follow, max-snippet:-1, max-image-preview:large, max-video-preview:-1\" \/>\n<link rel=\"canonical\" href=\"https:\/\/kamilamalkova-terapie.cz\/\" \/>\n<meta property=\"og:locale\" content=\"cs_CZ\" \/>\n<meta property=\"og:type\" content=\"article\" \/>\n<meta property=\"og:title\" content=\"M\u00e1lkov\u00e1 - Terapie Mlad\u00e1 Boleslav\" \/>\n<meta property=\"og:description\" content=\"Terapie m\u016f\u017ee b\u00fdt Va\u0161\u00ed bezpe\u010dnou cestou, jak zvl\u00e1dnout obt\u00ed\u017en\u00e9 \u017eivotn\u00ed situace, aby negativn\u011b nezasahovali do budoucnosti.\" \/>\n<meta property=\"og:url\" content=\"https:\/\/kamilamalkova-terapie.cz\/\" \/>\n<meta property=\"og:site_name\" content=\"Mgr. KAMILA M\u00c1LKOV\u00c1\" \/>\n<meta property=\"article:modified_time\" content=\"2022-08-16T20:26:35+00:00\" \/>\n<meta property=\"og:image\" content=\"https:\/\/kamilamalkova-terapie.cz\/wp-content\/uploads\/2021\/12\/20211226_080302734_iOS-scaled-e1640543206670-1024x304.jpg\" \/>\n<meta name=\"twitter:card\" content=\"summary_large_image\" \/>\n<meta name=\"twitter:label1\" content=\"Odhadovan\u00e1 doba \u010dten\u00ed\" \/>\n\t<meta name=\"twitter:data1\" content=\"1 minuta\" \/>\n<script type=\"application\/ld+json\" class=\"yoast-schema-graph\">{\"@context\":\"https:\\\/\\\/schema.org\",\"@graph\":[{\"@type\":\"WebPage\",\"@id\":\"https:\\\/\\\/kamilamalkova-terapie.cz\\\/\",\"url\":\"https:\\\/\\\/kamilamalkova-terapie.cz\\\/\",\"name\":\"M\u00e1lkov\u00e1 - Terapie Mlad\u00e1 Boleslav\",\"isPartOf\":{\"@id\":\"https:\\\/\\\/kamilamalkova-terapie.cz\\\/#website\"},\"primaryImageOfPage\":{\"@id\":\"https:\\\/\\\/kamilamalkova-terapie.cz\\\/#primaryimage\"},\"image\":{\"@id\":\"https:\\\/\\\/kamilamalkova-terapie.cz\\\/#primaryimage\"},\"thumbnailUrl\":\"https:\\\/\\\/kamilamalkova-terapie.cz\\\/wp-content\\\/uploads\\\/2021\\\/12\\\/20211226_080302734_iOS-scaled-e1640543206670-1024x304.jpg\",\"datePublished\":\"2021-11-21T14:44:16+00:00\",\"dateModified\":\"2022-08-16T20:26:35+00:00\",\"description\":\"Terapie m\u016f\u017ee b\u00fdt Va\u0161\u00ed bezpe\u010dnou cestou, jak zvl\u00e1dnout obt\u00ed\u017en\u00e9 \u017eivotn\u00ed situace, aby negativn\u011b nezasahovali do budoucnosti.\",\"breadcrumb\":{\"@id\":\"https:\\\/\\\/kamilamalkova-terapie.cz\\\/#breadcrumb\"},\"inLanguage\":\"cs\",\"potentialAction\":[{\"@type\":\"ReadAction\",\"target\":[\"https:\\\/\\\/kamilamalkova-terapie.cz\\\/\"]}]},{\"@type\":\"ImageObject\",\"inLanguage\":\"cs\",\"@id\":\"https:\\\/\\\/kamilamalkova-terapie.cz\\\/#primaryimage\",\"url\":\"https:\\\/\\\/kamilamalkova-terapie.cz\\\/wp-content\\\/uploads\\\/2021\\\/12\\\/20211226_080302734_iOS-scaled-e1640543206670.jpg\",\"contentUrl\":\"https:\\\/\\\/kamilamalkova-terapie.cz\\\/wp-content\\\/uploads\\\/2021\\\/12\\\/20211226_080302734_iOS-scaled-e1640543206670.jpg\",\"width\":2560,\"height\":761},{\"@type\":\"BreadcrumbList\",\"@id\":\"https:\\\/\\\/kamilamalkova-terapie.cz\\\/#breadcrumb\",\"itemListElement\":[{\"@type\":\"ListItem\",\"position\":1,\"name\":\"Dom\u016f\",\"item\":\"https:\\\/\\\/kamilamalkova-terapie.cz\\\/\"},{\"@type\":\"ListItem\",\"position\":2,\"name\":\"\u00davod\"}]},{\"@type\":\"WebSite\",\"@id\":\"https:\\\/\\\/kamilamalkova-terapie.cz\\\/#website\",\"url\":\"https:\\\/\\\/kamilamalkova-terapie.cz\\\/\",\"name\":\"Mgr. KAMILA M\u00c1LKOV\u00c1\",\"description\":\"Terapie m\u016f\u017ee b\u00fdt Va\u0161\u00ed bezpe\u010dnou cestou\",\"publisher\":{\"@id\":\"https:\\\/\\\/kamilamalkova-terapie.cz\\\/#organization\"},\"potentialAction\":[{\"@type\":\"SearchAction\",\"target\":{\"@type\":\"EntryPoint\",\"urlTemplate\":\"https:\\\/\\\/kamilamalkova-terapie.cz\\\/?s={search_term_string}\"},\"query-input\":{\"@type\":\"PropertyValueSpecification\",\"valueRequired\":true,\"valueName\":\"search_term_string\"}}],\"inLanguage\":\"cs\"},{\"@type\":\"Organization\",\"@id\":\"https:\\\/\\\/kamilamalkova-terapie.cz\\\/#organization\",\"name\":\"Mgr. Kamila M\u00e1lkov\u00e1\",\"url\":\"https:\\\/\\\/kamilamalkova-terapie.cz\\\/\",\"logo\":{\"@type\":\"ImageObject\",\"inLanguage\":\"cs\",\"@id\":\"https:\\\/\\\/kamilamalkova-terapie.cz\\\/#\\\/schema\\\/logo\\\/image\\\/\",\"url\":\"http:\\\/\\\/kamilamalkova-terapie.cz\\\/wp-content\\\/uploads\\\/2021\\\/12\\\/DSC_0146-1-scaled-e1640465609570.jpg\",\"contentUrl\":\"http:\\\/\\\/kamilamalkova-terapie.cz\\\/wp-content\\\/uploads\\\/2021\\\/12\\\/DSC_0146-1-scaled-e1640465609570.jpg\",\"width\":1158,\"height\":1702,\"caption\":\"Mgr. Kamila M\u00e1lkov\u00e1\"},\"image\":{\"@id\":\"https:\\\/\\\/kamilamalkova-terapie.cz\\\/#\\\/schema\\\/logo\\\/image\\\/\"}}]}<\/script>\n<!-- \/ Yoast SEO plugin. -->","yoast_head_json":{"title":"M\u00e1lkov\u00e1 - Terapie Mlad\u00e1 Boleslav","description":"Terapie m\u016f\u017ee b\u00fdt Va\u0161\u00ed bezpe\u010dnou cestou, jak zvl\u00e1dnout obt\u00ed\u017en\u00e9 \u017eivotn\u00ed situace, aby negativn\u011b nezasahovali do budoucnosti.","robots":{"index":"index","follow":"follow","max-snippet":"max-snippet:-1","max-image-preview":"max-image-preview:large","max-video-preview":"max-video-preview:-1"},"canonical":"https:\/\/kamilamalkova-terapie.cz\/","og_locale":"cs_CZ","og_type":"article","og_title":"M\u00e1lkov\u00e1 - Terapie Mlad\u00e1 Boleslav","og_description":"Terapie m\u016f\u017ee b\u00fdt Va\u0161\u00ed bezpe\u010dnou cestou, jak zvl\u00e1dnout obt\u00ed\u017en\u00e9 \u017eivotn\u00ed situace, aby negativn\u011b nezasahovali do budoucnosti.","og_url":"https:\/\/kamilamalkova-terapie.cz\/","og_site_name":"Mgr. KAMILA M\u00c1LKOV\u00c1","article_modified_time":"2022-08-16T20:26:35+00:00","og_image":[{"url":"https:\/\/kamilamalkova-terapie.cz\/wp-content\/uploads\/2021\/12\/20211226_080302734_iOS-scaled-e1640543206670-1024x304.jpg","type":"","width":"","height":""}],"twitter_card":"summary_large_image","twitter_misc":{"Odhadovan\u00e1 doba \u010dten\u00ed":"1 minuta"},"schema":{"@context":"https:\/\/schema.org","@graph":[{"@type":"WebPage","@id":"https:\/\/kamilamalkova-terapie.cz\/","url":"https:\/\/kamilamalkova-terapie.cz\/","name":"M\u00e1lkov\u00e1 - Terapie Mlad\u00e1 Boleslav","isPartOf":{"@id":"https:\/\/kamilamalkova-terapie.cz\/#website"},"primaryImageOfPage":{"@id":"https:\/\/kamilamalkova-terapie.cz\/#primaryimage"},"image":{"@id":"https:\/\/kamilamalkova-terapie.cz\/#primaryimage"},"thumbnailUrl":"https:\/\/kamilamalkova-terapie.cz\/wp-content\/uploads\/2021\/12\/20211226_080302734_iOS-scaled-e1640543206670-1024x304.jpg","datePublished":"2021-11-21T14:44:16+00:00","dateModified":"2022-08-16T20:26:35+00:00","description":"Terapie m\u016f\u017ee b\u00fdt Va\u0161\u00ed bezpe\u010dnou cestou, jak zvl\u00e1dnout obt\u00ed\u017en\u00e9 \u017eivotn\u00ed situace, aby negativn\u011b nezasahovali do budoucnosti.","breadcrumb":{"@id":"https:\/\/kamilamalkova-terapie.cz\/#breadcrumb"},"inLanguage":"cs","potentialAction":[{"@type":"ReadAction","target":["https:\/\/kamilamalkova-terapie.cz\/"]}]},{"@type":"ImageObject","inLanguage":"cs","@id":"https:\/\/kamilamalkova-terapie.cz\/#primaryimage","url":"https:\/\/kamilamalkova-terapie.cz\/wp-content\/uploads\/2021\/12\/20211226_080302734_iOS-scaled-e1640543206670.jpg","contentUrl":"https:\/\/kamilamalkova-terapie.cz\/wp-content\/uploads\/2021\/12\/20211226_080302734_iOS-scaled-e1640543206670.jpg","width":2560,"height":761},{"@type":"BreadcrumbList","@id":"https:\/\/kamilamalkova-terapie.cz\/#breadcrumb","itemListElement":[{"@type":"ListItem","position":1,"name":"Dom\u016f","item":"https:\/\/kamilamalkova-terapie.cz\/"},{"@type":"ListItem","position":2,"name":"\u00davod"}]},{"@type":"WebSite","@id":"https:\/\/kamilamalkova-terapie.cz\/#website","url":"https:\/\/kamilamalkova-terapie.cz\/","name":"Mgr. KAMILA M\u00c1LKOV\u00c1","description":"Terapie m\u016f\u017ee b\u00fdt Va\u0161\u00ed bezpe\u010dnou cestou","publisher":{"@id":"https:\/\/kamilamalkova-terapie.cz\/#organization"},"potentialAction":[{"@type":"SearchAction","target":{"@type":"EntryPoint","urlTemplate":"https:\/\/kamilamalkova-terapie.cz\/?s={search_term_string}"},"query-input":{"@type":"PropertyValueSpecification","valueRequired":true,"valueName":"search_term_string"}}],"inLanguage":"cs"},{"@type":"Organization","@id":"https:\/\/kamilamalkova-terapie.cz\/#organization","name":"Mgr. Kamila M\u00e1lkov\u00e1","url":"https:\/\/kamilamalkova-terapie.cz\/","logo":{"@type":"ImageObject","inLanguage":"cs","@id":"https:\/\/kamilamalkova-terapie.cz\/#\/schema\/logo\/image\/","url":"http:\/\/kamilamalkova-terapie.cz\/wp-content\/uploads\/2021\/12\/DSC_0146-1-scaled-e1640465609570.jpg","contentUrl":"http:\/\/kamilamalkova-terapie.cz\/wp-content\/uploads\/2021\/12\/DSC_0146-1-scaled-e1640465609570.jpg","width":1158,"height":1702,"caption":"Mgr. Kamila M\u00e1lkov\u00e1"},"image":{"@id":"https:\/\/kamilamalkova-terapie.cz\/#\/schema\/logo\/image\/"}}]}},"uagb_featured_image_src":{"full":false,"thumbnail":false,"medium":false,"medium_large":false,"large":false,"1536x1536":false,"2048x2048":false},"uagb_author_info":{"display_name":"admin","author_link":"https:\/\/kamilamalkova-terapie.cz\/?author=1"},"uagb_comment_info":0,"uagb_excerpt":"Terapie m\u016f\u017ee b\u00fdt Va\u0161\u00ed bezpe\u010dnou cestou, jak zvl\u00e1dnout obt\u00ed\u017en\u00e9 \u017eivotn\u00ed situace, aby negativn\u011b nezasahovaly do budoucnosti. jak \u017e\u00edt v\u011bdom\u00fd a svobodn\u00fd \u017eivot. jak b\u00fdt k sob\u011b laskav\u00fd. jak p\u0159ijmout n\u011bkter\u00e9 v\u011bci, i kdy\u017e je to velmi t\u011b\u017ek\u00e9. &nbsp; jak se vypo\u0159\u00e1dat s minulost\u00ed, abyste si mohli u\u017e\u00edvat p\u0159\u00edtomnost. jak b\u00fdt v \u017eivot\u011b spokojen\u00fd. jak naj\u00edt&hellip;","_links":{"self":[{"href":"https:\/\/kamilamalkova-terapie.cz\/index.php?rest_route=\/wp\/v2\/pages\/152","targetHints":{"allow":["GET"]}}],"collection":[{"href":"https:\/\/kamilamalkova-terapie.cz\/index.php?rest_route=\/wp\/v2\/pages"}],"about":[{"href":"https:\/\/kamilamalkova-terapie.cz\/index.php?rest_route=\/wp\/v2\/types\/page"}],"author":[{"embeddable":true,"href":"https:\/\/kamilamalkova-terapie.cz\/index.php?rest_route=\/wp\/v2\/users\/1"}],"replies":[{"embeddable":true,"href":"https:\/\/kamilamalkova-terapie.cz\/index.php?rest_route=%2Fwp%2Fv2%2Fcomments&post=152"}],"version-history":[{"count":92,"href":"https:\/\/kamilamalkova-terapie.cz\/index.php?rest_route=\/wp\/v2\/pages\/152\/revisions"}],"predecessor-version":[{"id":916,"href":"https:\/\/kamilamalkova-terapie.cz\/index.php?rest_route=\/wp\/v2\/pages\/152\/revisions\/916"}],"wp:attachment":[{"href":"https:\/\/kamilamalkova-terapie.cz\/index.php?rest_route=%2Fwp%2Fv2%2Fmedia&parent=152"}],"curies":[{"name":"wp","href":"https:\/\/api.w.org\/{rel}","templated":true}]}}