{"id":298,"date":"2021-11-25T22:16:39","date_gmt":"2021-11-25T22:16:39","guid":{"rendered":"http:\/\/kamilamalkova-terapie.cz\/?page_id=298"},"modified":"2026-04-21T19:06:20","modified_gmt":"2026-04-21T19:06:20","slug":"cenik","status":"publish","type":"page","link":"https:\/\/kamilamalkova-terapie.cz\/?page_id=298","title":{"rendered":"Cen\u00edk"},"content":{"rendered":"<table style=\"height: 120px; width: 100%; border-collapse: collapse; border-color: #000000;\" border=\"1\">\n<tbody>\n<tr style=\"height: 20px;\">\n<td style=\"width: 36.1904%; height: 20px; border-color: #000000;\"><strong>Setk\u00e1n\u00ed<\/strong><\/td>\n<td style=\"width: 19.3773%; height: 20px; border-color: #000000;\"><strong>M\u00edsto<\/strong><\/td>\n<td style=\"width: 44.4322%; height: 20px; border-color: #000000;\"><strong>Cena<\/strong><\/td>\n<\/tr>\n<tr style=\"height: 20px;\">\n<td style=\"width: 36.1904%; height: 20px; border-color: #000000;\">Osobn\u00ed<\/td>\n<td style=\"width: 19.3773%; height: 20px; border-color: #000000;\">Mlad\u00e1 Boleslav<\/td>\n<td style=\"width: 44.4322%; height: 20px; border-color: #000000;\"><strong>1 300,- K\u010d<\/strong><\/td>\n<\/tr>\n<tr style=\"height: 20px;\">\n<td style=\"width: 36.1904%; height: 20px; border-color: #000000;\">Osobn\u00ed<\/td>\n<td style=\"width: 19.3773%; height: 20px; border-color: #000000;\">Praha<\/td>\n<td style=\"width: 44.4322%; height: 20px; border-color: #000000;\"><strong>1 400,- K\u010d<\/strong><\/td>\n<\/tr>\n<tr style=\"height: 20px;\">\n<td style=\"width: 36.1904%; height: 20px; border-color: #000000;\">Online<\/td>\n<td style=\"width: 19.3773%; height: 20px; border-color: #000000;\"><\/td>\n<td style=\"width: 44.4322%; height: 20px; border-color: #000000;\"><strong>1 300,- K\u010d<\/strong><\/td>\n<\/tr>\n<tr style=\"height: 20px;\">\n<td style=\"width: 36.1904%; border-color: #000000; height: 20px;\">P\u00e1rov\u00e1 terapie (50 min. \/ 90 min.)<\/td>\n<td style=\"width: 19.3773%; border-color: #000000; height: 20px;\">Mlad\u00e1 Boleslav<\/td>\n<td style=\"width: 44.4322%; border-color: #000000; height: 20px;\"><strong>1 700,- K\u010d \/ 2 600,- K\u010d<\/strong><\/td>\n<\/tr>\n<tr style=\"height: 20px;\">\n<td style=\"width: 36.1904%; height: 20px; border-color: #000000;\">P\u00e1rov\u00e1 terapie (50 min. \/ 90 min.)<\/td>\n<td style=\"width: 19.3773%; height: 20px; border-color: #000000;\">Praha<\/td>\n<td style=\"width: 44.4322%; height: 20px; border-color: #000000;\"><strong>1 700,- K\u010d \/ 2 800,- K\u010d<\/strong><\/td>\n<\/tr>\n<\/tbody>\n<\/table>\n<h5 class=\"wnd-align-justify\" style=\"margin: 0cm; text-align: justify;\">Pro objedn\u00e1n\u00ed napi\u0161te <a href=\"https:\/\/kamilamalkova-terapie.cz\/?page_id=43\">e-mail<\/a>, uve\u010fte sv\u00e9 kontaktn\u00ed \u00fadaje \u010di <a href=\"https:\/\/kamilamalkova-terapie.cz\/?page_id=43\">zavolejte<\/a>. Na zme\u0161kan\u00e9 hovory a emaily reaguji zpravidla do 24 hodin.<\/h5>\n<h5>Platebn\u00ed a storno podm\u00ednky naleznete <a href=\"https:\/\/kamilamalkova-terapie.cz\/wp-content\/uploads\/2023\/12\/Platebni-a-storno-podminky.pdf\" target=\"_blank\" rel=\"noopener\">zde<\/a>.<\/h5>\n","protected":false},"excerpt":{"rendered":"<p>Setk\u00e1n\u00ed M\u00edsto Cena Osobn\u00ed Mlad\u00e1 Boleslav 1 300,- K\u010d Osobn\u00ed Praha 1 400,- K\u010d Online 1 300,- K\u010d P\u00e1rov\u00e1 terapie (50 min. \/ 90 min.) Mlad\u00e1 Boleslav 1 700,- K\u010d \/ 2 600,- K\u010d P\u00e1rov\u00e1 terapie (50 min. \/ 90 min.) Praha 1 700,- K\u010d \/ 2 800,- K\u010d Pro objedn\u00e1n\u00ed napi\u0161te e-mail, uve\u010fte sv\u00e9 [&hellip;]<\/p>\n","protected":false},"author":1,"featured_media":0,"parent":0,"menu_order":0,"comment_status":"closed","ping_status":"closed","template":"","meta":{"_uag_custom_page_level_css":"","site-sidebar-layout":"default","site-content-layout":"","ast-site-content-layout":"default","site-content-style":"default","site-sidebar-style":"default","ast-global-header-display":"","ast-banner-title-visibility":"","ast-main-header-display":"","ast-hfb-above-header-display":"","ast-hfb-below-header-display":"","ast-hfb-mobile-header-display":"","site-post-title":"","ast-breadcrumbs-content":"","ast-featured-img":"","footer-sml-layout":"","ast-disable-related-posts":"","theme-transparent-header-meta":"","adv-header-id-meta":"","stick-header-meta":"","header-above-stick-meta":"","header-main-stick-meta":"","header-below-stick-meta":"","astra-migrate-meta-layouts":"set","ast-page-background-enabled":"default","ast-page-background-meta":{"desktop":{"background-color":"var(--ast-global-color-4)","background-image":"","background-repeat":"repeat","background-position":"center center","background-size":"auto","background-attachment":"scroll","background-type":"","background-media":"","overlay-type":"","overlay-color":"","overlay-opacity":"","overlay-gradient":""},"tablet":{"background-color":"","background-image":"","background-repeat":"repeat","background-position":"center center","background-size":"auto","background-attachment":"scroll","background-type":"","background-media":"","overlay-type":"","overlay-color":"","overlay-opacity":"","overlay-gradient":""},"mobile":{"background-color":"","background-image":"","background-repeat":"repeat","background-position":"center center","background-size":"auto","background-attachment":"scroll","background-type":"","background-media":"","overlay-type":"","overlay-color":"","overlay-opacity":"","overlay-gradient":""}},"ast-content-background-meta":{"desktop":{"background-color":"var(--ast-global-color-5)","background-image":"","background-repeat":"repeat","background-position":"center center","background-size":"auto","background-attachment":"scroll","background-type":"","background-media":"","overlay-type":"","overlay-color":"","overlay-opacity":"","overlay-gradient":""},"tablet":{"background-color":"var(--ast-global-color-5)","background-image":"","background-repeat":"repeat","background-position":"center center","background-size":"auto","background-attachment":"scroll","background-type":"","background-media":"","overlay-type":"","overlay-color":"","overlay-opacity":"","overlay-gradient":""},"mobile":{"background-color":"var(--ast-global-color-5)","background-image":"","background-repeat":"repeat","background-position":"center center","background-size":"auto","background-attachment":"scroll","background-type":"","background-media":"","overlay-type":"","overlay-color":"","overlay-opacity":"","overlay-gradient":""}},"footnotes":""},"class_list":["post-298","page","type-page","status-publish","hentry"],"yoast_head":"<!-- This site is optimized with the Yoast SEO plugin v27.4 - https:\/\/yoast.com\/product\/yoast-seo-wordpress\/ -->\n<title>Cen\u00edk - Mgr. KAMILA M\u00c1LKOV\u00c1<\/title>\n<meta name=\"description\" content=\"Terapie m\u016f\u017ee b\u00fdt Va\u0161\u00ed bezpe\u010dnou cestou, jak zvl\u00e1dnout obt\u00ed\u017en\u00e9 \u017eivotn\u00ed situace, aby negativn\u011b nezasahovaly do budoucnosti.\" \/>\n<meta name=\"robots\" content=\"index, follow, max-snippet:-1, max-image-preview:large, max-video-preview:-1\" \/>\n<link rel=\"canonical\" href=\"https:\/\/kamilamalkova-terapie.cz\/?page_id=298\" \/>\n<meta property=\"og:locale\" content=\"cs_CZ\" \/>\n<meta property=\"og:type\" content=\"article\" \/>\n<meta property=\"og:title\" content=\"Cen\u00edk - Mgr. KAMILA M\u00c1LKOV\u00c1\" \/>\n<meta property=\"og:description\" content=\"Terapie m\u016f\u017ee b\u00fdt Va\u0161\u00ed bezpe\u010dnou cestou, jak zvl\u00e1dnout obt\u00ed\u017en\u00e9 \u017eivotn\u00ed situace, aby negativn\u011b nezasahovaly do budoucnosti.\" \/>\n<meta property=\"og:url\" content=\"https:\/\/kamilamalkova-terapie.cz\/?page_id=298\" \/>\n<meta property=\"og:site_name\" content=\"Mgr. KAMILA M\u00c1LKOV\u00c1\" \/>\n<meta property=\"article:modified_time\" content=\"2026-04-21T19:06:20+00:00\" \/>\n<meta name=\"twitter:card\" content=\"summary_large_image\" \/>\n<meta name=\"twitter:label1\" content=\"Odhadovan\u00e1 doba \u010dten\u00ed\" \/>\n\t<meta name=\"twitter:data1\" content=\"1 minuta\" \/>\n<script type=\"application\/ld+json\" class=\"yoast-schema-graph\">{\"@context\":\"https:\\\/\\\/schema.org\",\"@graph\":[{\"@type\":\"WebPage\",\"@id\":\"https:\\\/\\\/kamilamalkova-terapie.cz\\\/?page_id=298\",\"url\":\"https:\\\/\\\/kamilamalkova-terapie.cz\\\/?page_id=298\",\"name\":\"Cen\u00edk - Mgr. KAMILA M\u00c1LKOV\u00c1\",\"isPartOf\":{\"@id\":\"https:\\\/\\\/kamilamalkova-terapie.cz\\\/#website\"},\"datePublished\":\"2021-11-25T22:16:39+00:00\",\"dateModified\":\"2026-04-21T19:06:20+00:00\",\"description\":\"Terapie m\u016f\u017ee b\u00fdt Va\u0161\u00ed bezpe\u010dnou cestou, jak zvl\u00e1dnout obt\u00ed\u017en\u00e9 \u017eivotn\u00ed situace, aby negativn\u011b nezasahovaly do budoucnosti.\",\"breadcrumb\":{\"@id\":\"https:\\\/\\\/kamilamalkova-terapie.cz\\\/?page_id=298#breadcrumb\"},\"inLanguage\":\"cs\",\"potentialAction\":[{\"@type\":\"ReadAction\",\"target\":[\"https:\\\/\\\/kamilamalkova-terapie.cz\\\/?page_id=298\"]}]},{\"@type\":\"BreadcrumbList\",\"@id\":\"https:\\\/\\\/kamilamalkova-terapie.cz\\\/?page_id=298#breadcrumb\",\"itemListElement\":[{\"@type\":\"ListItem\",\"position\":1,\"name\":\"Dom\u016f\",\"item\":\"https:\\\/\\\/kamilamalkova-terapie.cz\\\/\"},{\"@type\":\"ListItem\",\"position\":2,\"name\":\"Cen\u00edk\"}]},{\"@type\":\"WebSite\",\"@id\":\"https:\\\/\\\/kamilamalkova-terapie.cz\\\/#website\",\"url\":\"https:\\\/\\\/kamilamalkova-terapie.cz\\\/\",\"name\":\"Mgr. KAMILA M\u00c1LKOV\u00c1\",\"description\":\"Terapie m\u016f\u017ee b\u00fdt Va\u0161\u00ed bezpe\u010dnou cestou\",\"publisher\":{\"@id\":\"https:\\\/\\\/kamilamalkova-terapie.cz\\\/#organization\"},\"potentialAction\":[{\"@type\":\"SearchAction\",\"target\":{\"@type\":\"EntryPoint\",\"urlTemplate\":\"https:\\\/\\\/kamilamalkova-terapie.cz\\\/?s={search_term_string}\"},\"query-input\":{\"@type\":\"PropertyValueSpecification\",\"valueRequired\":true,\"valueName\":\"search_term_string\"}}],\"inLanguage\":\"cs\"},{\"@type\":\"Organization\",\"@id\":\"https:\\\/\\\/kamilamalkova-terapie.cz\\\/#organization\",\"name\":\"Mgr. Kamila M\u00e1lkov\u00e1\",\"url\":\"https:\\\/\\\/kamilamalkova-terapie.cz\\\/\",\"logo\":{\"@type\":\"ImageObject\",\"inLanguage\":\"cs\",\"@id\":\"https:\\\/\\\/kamilamalkova-terapie.cz\\\/#\\\/schema\\\/logo\\\/image\\\/\",\"url\":\"http:\\\/\\\/kamilamalkova-terapie.cz\\\/wp-content\\\/uploads\\\/2021\\\/12\\\/DSC_0146-1-scaled-e1640465609570.jpg\",\"contentUrl\":\"http:\\\/\\\/kamilamalkova-terapie.cz\\\/wp-content\\\/uploads\\\/2021\\\/12\\\/DSC_0146-1-scaled-e1640465609570.jpg\",\"width\":1158,\"height\":1702,\"caption\":\"Mgr. Kamila M\u00e1lkov\u00e1\"},\"image\":{\"@id\":\"https:\\\/\\\/kamilamalkova-terapie.cz\\\/#\\\/schema\\\/logo\\\/image\\\/\"}}]}<\/script>\n<!-- \/ Yoast SEO plugin. -->","yoast_head_json":{"title":"Cen\u00edk - Mgr. KAMILA M\u00c1LKOV\u00c1","description":"Terapie m\u016f\u017ee b\u00fdt Va\u0161\u00ed bezpe\u010dnou cestou, jak zvl\u00e1dnout obt\u00ed\u017en\u00e9 \u017eivotn\u00ed situace, aby negativn\u011b nezasahovaly do budoucnosti.","robots":{"index":"index","follow":"follow","max-snippet":"max-snippet:-1","max-image-preview":"max-image-preview:large","max-video-preview":"max-video-preview:-1"},"canonical":"https:\/\/kamilamalkova-terapie.cz\/?page_id=298","og_locale":"cs_CZ","og_type":"article","og_title":"Cen\u00edk - Mgr. KAMILA M\u00c1LKOV\u00c1","og_description":"Terapie m\u016f\u017ee b\u00fdt Va\u0161\u00ed bezpe\u010dnou cestou, jak zvl\u00e1dnout obt\u00ed\u017en\u00e9 \u017eivotn\u00ed situace, aby negativn\u011b nezasahovaly do budoucnosti.","og_url":"https:\/\/kamilamalkova-terapie.cz\/?page_id=298","og_site_name":"Mgr. KAMILA M\u00c1LKOV\u00c1","article_modified_time":"2026-04-21T19:06:20+00:00","twitter_card":"summary_large_image","twitter_misc":{"Odhadovan\u00e1 doba \u010dten\u00ed":"1 minuta"},"schema":{"@context":"https:\/\/schema.org","@graph":[{"@type":"WebPage","@id":"https:\/\/kamilamalkova-terapie.cz\/?page_id=298","url":"https:\/\/kamilamalkova-terapie.cz\/?page_id=298","name":"Cen\u00edk - Mgr. KAMILA M\u00c1LKOV\u00c1","isPartOf":{"@id":"https:\/\/kamilamalkova-terapie.cz\/#website"},"datePublished":"2021-11-25T22:16:39+00:00","dateModified":"2026-04-21T19:06:20+00:00","description":"Terapie m\u016f\u017ee b\u00fdt Va\u0161\u00ed bezpe\u010dnou cestou, jak zvl\u00e1dnout obt\u00ed\u017en\u00e9 \u017eivotn\u00ed situace, aby negativn\u011b nezasahovaly do budoucnosti.","breadcrumb":{"@id":"https:\/\/kamilamalkova-terapie.cz\/?page_id=298#breadcrumb"},"inLanguage":"cs","potentialAction":[{"@type":"ReadAction","target":["https:\/\/kamilamalkova-terapie.cz\/?page_id=298"]}]},{"@type":"BreadcrumbList","@id":"https:\/\/kamilamalkova-terapie.cz\/?page_id=298#breadcrumb","itemListElement":[{"@type":"ListItem","position":1,"name":"Dom\u016f","item":"https:\/\/kamilamalkova-terapie.cz\/"},{"@type":"ListItem","position":2,"name":"Cen\u00edk"}]},{"@type":"WebSite","@id":"https:\/\/kamilamalkova-terapie.cz\/#website","url":"https:\/\/kamilamalkova-terapie.cz\/","name":"Mgr. KAMILA M\u00c1LKOV\u00c1","description":"Terapie m\u016f\u017ee b\u00fdt Va\u0161\u00ed bezpe\u010dnou cestou","publisher":{"@id":"https:\/\/kamilamalkova-terapie.cz\/#organization"},"potentialAction":[{"@type":"SearchAction","target":{"@type":"EntryPoint","urlTemplate":"https:\/\/kamilamalkova-terapie.cz\/?s={search_term_string}"},"query-input":{"@type":"PropertyValueSpecification","valueRequired":true,"valueName":"search_term_string"}}],"inLanguage":"cs"},{"@type":"Organization","@id":"https:\/\/kamilamalkova-terapie.cz\/#organization","name":"Mgr. Kamila M\u00e1lkov\u00e1","url":"https:\/\/kamilamalkova-terapie.cz\/","logo":{"@type":"ImageObject","inLanguage":"cs","@id":"https:\/\/kamilamalkova-terapie.cz\/#\/schema\/logo\/image\/","url":"http:\/\/kamilamalkova-terapie.cz\/wp-content\/uploads\/2021\/12\/DSC_0146-1-scaled-e1640465609570.jpg","contentUrl":"http:\/\/kamilamalkova-terapie.cz\/wp-content\/uploads\/2021\/12\/DSC_0146-1-scaled-e1640465609570.jpg","width":1158,"height":1702,"caption":"Mgr. Kamila M\u00e1lkov\u00e1"},"image":{"@id":"https:\/\/kamilamalkova-terapie.cz\/#\/schema\/logo\/image\/"}}]}},"uagb_featured_image_src":{"full":false,"thumbnail":false,"medium":false,"medium_large":false,"large":false,"1536x1536":false,"2048x2048":false},"uagb_author_info":{"display_name":"admin","author_link":"https:\/\/kamilamalkova-terapie.cz\/?author=1"},"uagb_comment_info":0,"uagb_excerpt":"Setk\u00e1n\u00ed M\u00edsto Cena Osobn\u00ed Mlad\u00e1 Boleslav 1 300,- K\u010d Osobn\u00ed Praha 1 400,- K\u010d Online 1 300,- K\u010d P\u00e1rov\u00e1 terapie (50 min. \/ 90 min.) Mlad\u00e1 Boleslav 1 700,- K\u010d \/ 2 600,- K\u010d P\u00e1rov\u00e1 terapie (50 min. \/ 90 min.) Praha 1 700,- K\u010d \/ 2 800,- K\u010d Pro objedn\u00e1n\u00ed napi\u0161te e-mail, uve\u010fte sv\u00e9&hellip;","_links":{"self":[{"href":"https:\/\/kamilamalkova-terapie.cz\/index.php?rest_route=\/wp\/v2\/pages\/298","targetHints":{"allow":["GET"]}}],"collection":[{"href":"https:\/\/kamilamalkova-terapie.cz\/index.php?rest_route=\/wp\/v2\/pages"}],"about":[{"href":"https:\/\/kamilamalkova-terapie.cz\/index.php?rest_route=\/wp\/v2\/types\/page"}],"author":[{"embeddable":true,"href":"https:\/\/kamilamalkova-terapie.cz\/index.php?rest_route=\/wp\/v2\/users\/1"}],"replies":[{"embeddable":true,"href":"https:\/\/kamilamalkova-terapie.cz\/index.php?rest_route=%2Fwp%2Fv2%2Fcomments&post=298"}],"version-history":[{"count":62,"href":"https:\/\/kamilamalkova-terapie.cz\/index.php?rest_route=\/wp\/v2\/pages\/298\/revisions"}],"predecessor-version":[{"id":1022,"href":"https:\/\/kamilamalkova-terapie.cz\/index.php?rest_route=\/wp\/v2\/pages\/298\/revisions\/1022"}],"wp:attachment":[{"href":"https:\/\/kamilamalkova-terapie.cz\/index.php?rest_route=%2Fwp%2Fv2%2Fmedia&parent=298"}],"curies":[{"name":"wp","href":"https:\/\/api.w.org\/{rel}","templated":true}]}}