{"id":43,"date":"2021-11-13T20:37:43","date_gmt":"2021-11-13T20:37:43","guid":{"rendered":"http:\/\/kamilamalkova-terapie.cz\/?page_id=43"},"modified":"2025-01-07T18:53:47","modified_gmt":"2025-01-07T18:53:47","slug":"kontakty","status":"publish","type":"page","link":"https:\/\/kamilamalkova-terapie.cz\/?page_id=43","title":{"rendered":"Kontakty"},"content":{"rendered":"\n<div class=\"wp-block-columns alignwide is-layout-flex wp-container-core-columns-is-layout-28f84493 wp-block-columns-is-layout-flex\">\n<div class=\"wp-block-column is-layout-flow wp-block-column-is-layout-flow\" style=\"flex-basis:48%\">\n<h6><strong>Mobil:<\/strong> +420 732 126 684<\/h6>\n<h6><strong>Email:<\/strong> <a href=\"mailto:kamila.malkova@email.cz\">kamila.malkova@email.cz<\/a><\/h6>\n<h6>\u00a0<\/h6>\n<h6><strong>Faktura\u010dn\u00ed \u00fadaje:<\/strong><\/h6>\n<h6>Mgr. Kamila M\u00e1lkov\u00e1<\/h6>\n<h6>Obora 37<\/h6>\n<h6>29404 Obrubce<\/h6>\n<h6>\u010c\u00edslo \u00fa\u010dtu: 2200972903\/2010<\/h6>\n<h6>I\u010c: 049 42 701<\/h6>\n<h6>Nejsem pl\u00e1tce DPH<\/h6>\n<\/div>\n\n\n\n<div class=\"wp-block-column is-layout-flow wp-block-column-is-layout-flow\" style=\"flex-basis:90%\">\n<h6>Adresa terapeutovny Praha (pond\u011blky a p\u00e1tky): Osadn\u00ed 12A, Praha 7, Hole\u0161ovice (<a href=\"https:\/\/kamilamalkova-terapie.cz\/wp-content\/uploads\/2022\/07\/Terapeutovna-Praha.jpg\" target=\"_blank\" rel=\"noopener\">foto<\/a>)<\/h6>\n\n\n\t\t\t<div \n\t\t\tclass=\"wp-block-uagb-google-map uagb-google-map__wrap uagb-block-cd230ade     \"\n\t\t\tstyle=\"\" >\n\t\t\t\t<embed\n\t\t\t\t\tclass=\"uagb-google-map__iframe\"\n\t\t\t\t\ttitle=\"Google Mapy pro \"\n\t\t\t\t\tsrc=\"https:\/\/maps.google.com\/maps?q=Osadn%C3%AD%2012A%2C%20Praha%207%20Hole%C5%A1ovice&#038;z=13&#038;hl=cs&#038;t=m&#038;output=embed&#038;iwloc=near\"\n\t\t\t\t\twidth=\"640\"\n\t\t\t\t\theight=\"300\"\n\t\t\t\t\tloading=\"lazy\"\n\t\t\t\t><\/embed>\n\t\t\t<\/div>\n\t\t\t\n\n\n<h6>Adresa terapeutovny Mlad\u00e1 Boleslav (st\u0159edy a \u010dtvrtky): Na \u0160afranici 295\/12, Mlad\u00e1 Boleslav (<a href=\"https:\/\/kamilamalkova-terapie.cz\/wp-content\/uploads\/2025\/01\/Terapeutovna-Safranice-scaled.jpg\" target=\"_blank\" rel=\"noopener\">foto<\/a>)<\/h6>\n\n\n\t\t\t<div \n\t\t\tclass=\"wp-block-uagb-google-map uagb-google-map__wrap uagb-block-a0a454ec     \"\n\t\t\tstyle=\"\" >\n\t\t\t\t<embed\n\t\t\t\t\tclass=\"uagb-google-map__iframe\"\n\t\t\t\t\ttitle=\"Google Mapy pro \"\n\t\t\t\t\tsrc=\"https:\/\/maps.google.com\/maps?q=Na%20%C5%A0afranici%20295%2F12%2C%20Mlad%C3%A1%20Boleslav&#038;z=15&#038;hl=cs&#038;t=m&#038;output=embed&#038;iwloc=near\"\n\t\t\t\t\twidth=\"640\"\n\t\t\t\t\theight=\"300\"\n\t\t\t\t\tloading=\"lazy\"\n\t\t\t\t><\/embed>\n\t\t\t<\/div>\n\t\t\t<\/div>\n<\/div>\n\n\n\n<p><\/p>\n","protected":false},"excerpt":{"rendered":"<p>Mobil: +420 732 126 684 Email: kamila.malkova@email.cz \u00a0 Faktura\u010dn\u00ed \u00fadaje: Mgr. Kamila M\u00e1lkov\u00e1 Obora 37 29404 Obrubce \u010c\u00edslo \u00fa\u010dtu: 2200972903\/2010 I\u010c: 049 42 701 Nejsem pl\u00e1tce DPH Adresa terapeutovny Praha (pond\u011blky a p\u00e1tky): Osadn\u00ed 12A, Praha 7, Hole\u0161ovice (foto) Adresa terapeutovny Mlad\u00e1 Boleslav (st\u0159edy a \u010dtvrtky): Na \u0160afranici 295\/12, Mlad\u00e1 Boleslav (foto)<\/p>\n","protected":false},"author":1,"featured_media":0,"parent":0,"menu_order":0,"comment_status":"closed","ping_status":"closed","template":"","meta":{"_uag_custom_page_level_css":"","site-sidebar-layout":"default","site-content-layout":"","ast-site-content-layout":"default","site-content-style":"default","site-sidebar-style":"default","ast-global-header-display":"","ast-banner-title-visibility":"","ast-main-header-display":"","ast-hfb-above-header-display":"","ast-hfb-below-header-display":"","ast-hfb-mobile-header-display":"","site-post-title":"","ast-breadcrumbs-content":"","ast-featured-img":"","footer-sml-layout":"","ast-disable-related-posts":"","theme-transparent-header-meta":"","adv-header-id-meta":"","stick-header-meta":"","header-above-stick-meta":"","header-main-stick-meta":"","header-below-stick-meta":"","astra-migrate-meta-layouts":"set","ast-page-background-enabled":"default","ast-page-background-meta":{"desktop":{"background-color":"var(--ast-global-color-4)","background-image":"","background-repeat":"repeat","background-position":"center center","background-size":"auto","background-attachment":"scroll","background-type":"","background-media":"","overlay-type":"","overlay-color":"","overlay-opacity":"","overlay-gradient":""},"tablet":{"background-color":"","background-image":"","background-repeat":"repeat","background-position":"center center","background-size":"auto","background-attachment":"scroll","background-type":"","background-media":"","overlay-type":"","overlay-color":"","overlay-opacity":"","overlay-gradient":""},"mobile":{"background-color":"","background-image":"","background-repeat":"repeat","background-position":"center center","background-size":"auto","background-attachment":"scroll","background-type":"","background-media":"","overlay-type":"","overlay-color":"","overlay-opacity":"","overlay-gradient":""}},"ast-content-background-meta":{"desktop":{"background-color":"var(--ast-global-color-5)","background-image":"","background-repeat":"repeat","background-position":"center center","background-size":"auto","background-attachment":"scroll","background-type":"","background-media":"","overlay-type":"","overlay-color":"","overlay-opacity":"","overlay-gradient":""},"tablet":{"background-color":"var(--ast-global-color-5)","background-image":"","background-repeat":"repeat","background-position":"center center","background-size":"auto","background-attachment":"scroll","background-type":"","background-media":"","overlay-type":"","overlay-color":"","overlay-opacity":"","overlay-gradient":""},"mobile":{"background-color":"var(--ast-global-color-5)","background-image":"","background-repeat":"repeat","background-position":"center center","background-size":"auto","background-attachment":"scroll","background-type":"","background-media":"","overlay-type":"","overlay-color":"","overlay-opacity":"","overlay-gradient":""}},"footnotes":""},"class_list":["post-43","page","type-page","status-publish","hentry"],"yoast_head":"<!-- This site is optimized with the Yoast SEO plugin v27.4 - https:\/\/yoast.com\/product\/yoast-seo-wordpress\/ -->\n<title>Kontakty - Mgr. KAMILA M\u00c1LKOV\u00c1<\/title>\n<meta name=\"description\" content=\"Kontaktujte m\u011b nejl\u00e9pe telefonicky, p\u0159\u00edpadn\u011b vyu\u017eijte emailov\u00fd kontakt.\" \/>\n<meta name=\"robots\" content=\"index, follow, max-snippet:-1, max-image-preview:large, max-video-preview:-1\" \/>\n<link rel=\"canonical\" href=\"https:\/\/kamilamalkova-terapie.cz\/?page_id=43\" \/>\n<meta property=\"og:locale\" content=\"cs_CZ\" \/>\n<meta property=\"og:type\" content=\"article\" \/>\n<meta property=\"og:title\" content=\"Kontakty - Mgr. KAMILA M\u00c1LKOV\u00c1\" \/>\n<meta property=\"og:description\" content=\"Kontaktujte m\u011b nejl\u00e9pe telefonicky, p\u0159\u00edpadn\u011b vyu\u017eijte emailov\u00fd kontakt.\" \/>\n<meta property=\"og:url\" content=\"https:\/\/kamilamalkova-terapie.cz\/?page_id=43\" \/>\n<meta property=\"og:site_name\" content=\"Mgr. KAMILA M\u00c1LKOV\u00c1\" \/>\n<meta property=\"article:modified_time\" content=\"2025-01-07T18:53:47+00:00\" \/>\n<meta name=\"twitter:card\" content=\"summary_large_image\" \/>\n<meta name=\"twitter:label1\" content=\"Odhadovan\u00e1 doba \u010dten\u00ed\" \/>\n\t<meta name=\"twitter:data1\" content=\"1 minuta\" \/>\n<script type=\"application\/ld+json\" class=\"yoast-schema-graph\">{\"@context\":\"https:\\\/\\\/schema.org\",\"@graph\":[{\"@type\":\"WebPage\",\"@id\":\"https:\\\/\\\/kamilamalkova-terapie.cz\\\/?page_id=43\",\"url\":\"https:\\\/\\\/kamilamalkova-terapie.cz\\\/?page_id=43\",\"name\":\"Kontakty - Mgr. KAMILA M\u00c1LKOV\u00c1\",\"isPartOf\":{\"@id\":\"https:\\\/\\\/kamilamalkova-terapie.cz\\\/#website\"},\"datePublished\":\"2021-11-13T20:37:43+00:00\",\"dateModified\":\"2025-01-07T18:53:47+00:00\",\"description\":\"Kontaktujte m\u011b nejl\u00e9pe telefonicky, p\u0159\u00edpadn\u011b vyu\u017eijte emailov\u00fd kontakt.\",\"breadcrumb\":{\"@id\":\"https:\\\/\\\/kamilamalkova-terapie.cz\\\/?page_id=43#breadcrumb\"},\"inLanguage\":\"cs\",\"potentialAction\":[{\"@type\":\"ReadAction\",\"target\":[\"https:\\\/\\\/kamilamalkova-terapie.cz\\\/?page_id=43\"]}]},{\"@type\":\"BreadcrumbList\",\"@id\":\"https:\\\/\\\/kamilamalkova-terapie.cz\\\/?page_id=43#breadcrumb\",\"itemListElement\":[{\"@type\":\"ListItem\",\"position\":1,\"name\":\"Dom\u016f\",\"item\":\"https:\\\/\\\/kamilamalkova-terapie.cz\\\/\"},{\"@type\":\"ListItem\",\"position\":2,\"name\":\"Kontakty\"}]},{\"@type\":\"WebSite\",\"@id\":\"https:\\\/\\\/kamilamalkova-terapie.cz\\\/#website\",\"url\":\"https:\\\/\\\/kamilamalkova-terapie.cz\\\/\",\"name\":\"Mgr. KAMILA M\u00c1LKOV\u00c1\",\"description\":\"Terapie m\u016f\u017ee b\u00fdt Va\u0161\u00ed bezpe\u010dnou cestou\",\"publisher\":{\"@id\":\"https:\\\/\\\/kamilamalkova-terapie.cz\\\/#organization\"},\"potentialAction\":[{\"@type\":\"SearchAction\",\"target\":{\"@type\":\"EntryPoint\",\"urlTemplate\":\"https:\\\/\\\/kamilamalkova-terapie.cz\\\/?s={search_term_string}\"},\"query-input\":{\"@type\":\"PropertyValueSpecification\",\"valueRequired\":true,\"valueName\":\"search_term_string\"}}],\"inLanguage\":\"cs\"},{\"@type\":\"Organization\",\"@id\":\"https:\\\/\\\/kamilamalkova-terapie.cz\\\/#organization\",\"name\":\"Mgr. Kamila M\u00e1lkov\u00e1\",\"url\":\"https:\\\/\\\/kamilamalkova-terapie.cz\\\/\",\"logo\":{\"@type\":\"ImageObject\",\"inLanguage\":\"cs\",\"@id\":\"https:\\\/\\\/kamilamalkova-terapie.cz\\\/#\\\/schema\\\/logo\\\/image\\\/\",\"url\":\"http:\\\/\\\/kamilamalkova-terapie.cz\\\/wp-content\\\/uploads\\\/2021\\\/12\\\/DSC_0146-1-scaled-e1640465609570.jpg\",\"contentUrl\":\"http:\\\/\\\/kamilamalkova-terapie.cz\\\/wp-content\\\/uploads\\\/2021\\\/12\\\/DSC_0146-1-scaled-e1640465609570.jpg\",\"width\":1158,\"height\":1702,\"caption\":\"Mgr. Kamila M\u00e1lkov\u00e1\"},\"image\":{\"@id\":\"https:\\\/\\\/kamilamalkova-terapie.cz\\\/#\\\/schema\\\/logo\\\/image\\\/\"}}]}<\/script>\n<!-- \/ Yoast SEO plugin. -->","yoast_head_json":{"title":"Kontakty - Mgr. KAMILA M\u00c1LKOV\u00c1","description":"Kontaktujte m\u011b nejl\u00e9pe telefonicky, p\u0159\u00edpadn\u011b vyu\u017eijte emailov\u00fd kontakt.","robots":{"index":"index","follow":"follow","max-snippet":"max-snippet:-1","max-image-preview":"max-image-preview:large","max-video-preview":"max-video-preview:-1"},"canonical":"https:\/\/kamilamalkova-terapie.cz\/?page_id=43","og_locale":"cs_CZ","og_type":"article","og_title":"Kontakty - Mgr. KAMILA M\u00c1LKOV\u00c1","og_description":"Kontaktujte m\u011b nejl\u00e9pe telefonicky, p\u0159\u00edpadn\u011b vyu\u017eijte emailov\u00fd kontakt.","og_url":"https:\/\/kamilamalkova-terapie.cz\/?page_id=43","og_site_name":"Mgr. KAMILA M\u00c1LKOV\u00c1","article_modified_time":"2025-01-07T18:53:47+00:00","twitter_card":"summary_large_image","twitter_misc":{"Odhadovan\u00e1 doba \u010dten\u00ed":"1 minuta"},"schema":{"@context":"https:\/\/schema.org","@graph":[{"@type":"WebPage","@id":"https:\/\/kamilamalkova-terapie.cz\/?page_id=43","url":"https:\/\/kamilamalkova-terapie.cz\/?page_id=43","name":"Kontakty - Mgr. KAMILA M\u00c1LKOV\u00c1","isPartOf":{"@id":"https:\/\/kamilamalkova-terapie.cz\/#website"},"datePublished":"2021-11-13T20:37:43+00:00","dateModified":"2025-01-07T18:53:47+00:00","description":"Kontaktujte m\u011b nejl\u00e9pe telefonicky, p\u0159\u00edpadn\u011b vyu\u017eijte emailov\u00fd kontakt.","breadcrumb":{"@id":"https:\/\/kamilamalkova-terapie.cz\/?page_id=43#breadcrumb"},"inLanguage":"cs","potentialAction":[{"@type":"ReadAction","target":["https:\/\/kamilamalkova-terapie.cz\/?page_id=43"]}]},{"@type":"BreadcrumbList","@id":"https:\/\/kamilamalkova-terapie.cz\/?page_id=43#breadcrumb","itemListElement":[{"@type":"ListItem","position":1,"name":"Dom\u016f","item":"https:\/\/kamilamalkova-terapie.cz\/"},{"@type":"ListItem","position":2,"name":"Kontakty"}]},{"@type":"WebSite","@id":"https:\/\/kamilamalkova-terapie.cz\/#website","url":"https:\/\/kamilamalkova-terapie.cz\/","name":"Mgr. KAMILA M\u00c1LKOV\u00c1","description":"Terapie m\u016f\u017ee b\u00fdt Va\u0161\u00ed bezpe\u010dnou cestou","publisher":{"@id":"https:\/\/kamilamalkova-terapie.cz\/#organization"},"potentialAction":[{"@type":"SearchAction","target":{"@type":"EntryPoint","urlTemplate":"https:\/\/kamilamalkova-terapie.cz\/?s={search_term_string}"},"query-input":{"@type":"PropertyValueSpecification","valueRequired":true,"valueName":"search_term_string"}}],"inLanguage":"cs"},{"@type":"Organization","@id":"https:\/\/kamilamalkova-terapie.cz\/#organization","name":"Mgr. Kamila M\u00e1lkov\u00e1","url":"https:\/\/kamilamalkova-terapie.cz\/","logo":{"@type":"ImageObject","inLanguage":"cs","@id":"https:\/\/kamilamalkova-terapie.cz\/#\/schema\/logo\/image\/","url":"http:\/\/kamilamalkova-terapie.cz\/wp-content\/uploads\/2021\/12\/DSC_0146-1-scaled-e1640465609570.jpg","contentUrl":"http:\/\/kamilamalkova-terapie.cz\/wp-content\/uploads\/2021\/12\/DSC_0146-1-scaled-e1640465609570.jpg","width":1158,"height":1702,"caption":"Mgr. Kamila M\u00e1lkov\u00e1"},"image":{"@id":"https:\/\/kamilamalkova-terapie.cz\/#\/schema\/logo\/image\/"}}]}},"uagb_featured_image_src":{"full":false,"thumbnail":false,"medium":false,"medium_large":false,"large":false,"1536x1536":false,"2048x2048":false},"uagb_author_info":{"display_name":"admin","author_link":"https:\/\/kamilamalkova-terapie.cz\/?author=1"},"uagb_comment_info":0,"uagb_excerpt":"Mobil: +420 732 126 684 Email: kamila.malkova@email.cz \u00a0 Faktura\u010dn\u00ed \u00fadaje: Mgr. Kamila M\u00e1lkov\u00e1 Obora 37 29404 Obrubce \u010c\u00edslo \u00fa\u010dtu: 2200972903\/2010 I\u010c: 049 42 701 Nejsem pl\u00e1tce DPH Adresa terapeutovny Praha (pond\u011blky a p\u00e1tky): Osadn\u00ed 12A, Praha 7, Hole\u0161ovice (foto) Adresa terapeutovny Mlad\u00e1 Boleslav (st\u0159edy a \u010dtvrtky): Na \u0160afranici 295\/12, Mlad\u00e1 Boleslav (foto)","_links":{"self":[{"href":"https:\/\/kamilamalkova-terapie.cz\/index.php?rest_route=\/wp\/v2\/pages\/43","targetHints":{"allow":["GET"]}}],"collection":[{"href":"https:\/\/kamilamalkova-terapie.cz\/index.php?rest_route=\/wp\/v2\/pages"}],"about":[{"href":"https:\/\/kamilamalkova-terapie.cz\/index.php?rest_route=\/wp\/v2\/types\/page"}],"author":[{"embeddable":true,"href":"https:\/\/kamilamalkova-terapie.cz\/index.php?rest_route=\/wp\/v2\/users\/1"}],"replies":[{"embeddable":true,"href":"https:\/\/kamilamalkova-terapie.cz\/index.php?rest_route=%2Fwp%2Fv2%2Fcomments&post=43"}],"version-history":[{"count":31,"href":"https:\/\/kamilamalkova-terapie.cz\/index.php?rest_route=\/wp\/v2\/pages\/43\/revisions"}],"predecessor-version":[{"id":1010,"href":"https:\/\/kamilamalkova-terapie.cz\/index.php?rest_route=\/wp\/v2\/pages\/43\/revisions\/1010"}],"wp:attachment":[{"href":"https:\/\/kamilamalkova-terapie.cz\/index.php?rest_route=%2Fwp%2Fv2%2Fmedia&parent=43"}],"curies":[{"name":"wp","href":"https:\/\/api.w.org\/{rel}","templated":true}]}}